{"id":55,"date":"2020-05-12T11:03:57","date_gmt":"2020-05-12T09:03:57","guid":{"rendered":"http:\/\/neurofeedback-troyes.com\/?page_id=55"},"modified":"2025-01-09T10:44:09","modified_gmt":"2025-01-09T09:44:09","slug":"qui-suis-je","status":"publish","type":"page","link":"https:\/\/neurofeedback-troyes.com\/index.php\/qui-suis-je\/","title":{"rendered":"Qui suis-je ?"},"content":{"rendered":"\t\t<div data-elementor-type=\"wp-page\" data-elementor-id=\"55\" class=\"elementor elementor-55\">\n\t\t\t\t\t\t<section class=\"elementor-section elementor-top-section elementor-element elementor-element-451c7e6 elementor-section-height-min-height elementor-section-stretched elementor-section-boxed elementor-section-height-default elementor-section-items-middle\" data-id=\"451c7e6\" data-element_type=\"section\" data-e-type=\"section\" data-settings=\"{&quot;background_background&quot;:&quot;classic&quot;,&quot;stretch_section&quot;:&quot;section-stretched&quot;}\">\n\t\t\t\t\t\t<div class=\"elementor-container elementor-column-gap-default\">\n\t\t\t\t\t<div class=\"elementor-column elementor-col-100 elementor-top-column elementor-element elementor-element-c56c15b\" data-id=\"c56c15b\" data-element_type=\"column\" data-e-type=\"column\">\n\t\t\t<div class=\"elementor-widget-wrap elementor-element-populated\">\n\t\t\t\t\t\t<div class=\"elementor-element elementor-element-1b0342d elementor-widget elementor-widget-heading\" data-id=\"1b0342d\" data-element_type=\"widget\" data-e-type=\"widget\" data-widget_type=\"heading.default\">\n\t\t\t\t<div class=\"elementor-widget-container\">\n\t\t\t\t\t<h1 class=\"elementor-heading-title elementor-size-default\">Qui suis-je ?<\/h1>\t\t\t\t<\/div>\n\t\t\t\t<\/div>\n\t\t\t\t\t<\/div>\n\t\t<\/div>\n\t\t\t\t\t<\/div>\n\t\t<\/section>\n\t\t\t\t<section class=\"elementor-section elementor-top-section elementor-element elementor-element-4c4febcb elementor-section-boxed elementor-section-height-default elementor-section-height-default\" data-id=\"4c4febcb\" data-element_type=\"section\" data-e-type=\"section\">\n\t\t\t\t\t\t<div class=\"elementor-container elementor-column-gap-default\">\n\t\t\t\t\t<div class=\"elementor-column elementor-col-100 elementor-top-column elementor-element elementor-element-2ade8baf\" data-id=\"2ade8baf\" data-element_type=\"column\" data-e-type=\"column\">\n\t\t\t<div class=\"elementor-widget-wrap elementor-element-populated\">\n\t\t\t\t\t\t<div class=\"elementor-element elementor-element-3ab11b0e elementor-widget elementor-widget-text-editor\" data-id=\"3ab11b0e\" data-element_type=\"widget\" data-e-type=\"widget\" data-widget_type=\"text-editor.default\">\n\t\t\t\t<div class=\"elementor-widget-container\">\n\t\t\t\t\t\t\t\t\t<p>Je suis Christophe COLSON, j\u2019ai 56 ans et je suis originaire de Troyes. La bienveillance et l\u2019\u00e9coute des personnes ont toujours \u00e9t\u00e9 pour moi une \u00e9vidence. Depuis 30 ans, apporter de l\u2019aide et du bien-\u00eatre aux personnes qui en ressentent le besoin me passionne. Au fil des ann\u00e9es je me suis int\u00e9ress\u00e9 aux m\u00e9thodes douces et naturelles, en commen\u00e7ant par \u00e9tudier la sophrologie et en obtenant la certification de sophrologie d\u2019assistance. Par la suite, j\u2019ai eu la chance de croiser la route de mon ami Arnault RICHARD DE CHICOURT, fondateur du Centre de Formation en Magn\u00e9tisme et cr\u00e9ateur de la m\u00e9thode ARC : une certification de magn\u00e9tiseur \u00e9nerg\u00e9ticien que j\u2019ai suivi et obtenu apr\u00e8s examen.<\/p>\n<p><!-- \/wp:paragraph --><!-- wp:paragraph {\"customBackgroundColor\":\"#ffffff\"} --><!-- \/wp:paragraph --><!-- wp:block {\"ref\":1000} \/--><\/p>\t\t\t\t\t\t\t\t<\/div>\n\t\t\t\t<\/div>\n\t\t\t\t<div class=\"elementor-element elementor-element-058dd9d elementor-widget elementor-widget-heading\" data-id=\"058dd9d\" data-element_type=\"widget\" data-e-type=\"widget\" data-widget_type=\"heading.default\">\n\t\t\t\t<div class=\"elementor-widget-container\">\n\t\t\t\t\t<h2 class=\"elementor-heading-title elementor-size-default\">Mais comment ai-je d\u00e9couvert le Neurofeedback Dynamique ?<\/h2>\t\t\t\t<\/div>\n\t\t\t\t<\/div>\n\t\t\t\t<div class=\"elementor-element elementor-element-e158fe6 elementor-widget elementor-widget-text-editor\" data-id=\"e158fe6\" data-element_type=\"widget\" data-e-type=\"widget\" data-widget_type=\"text-editor.default\">\n\t\t\t\t<div class=\"elementor-widget-container\">\n\t\t\t\t\t\t\t\t\t<p><!-- wp:paragraph --><\/p>\n<p>Tout simplement sur recommandation. J\u2019ai accompagn\u00e9 le fils de ma conjointe, \u00e2g\u00e9 de 8 ans, chez Najiba et Sa\u00efd, Entra\u00eeneur C\u00e9r\u00e9bral Dynamical Neurofeedback \u00e0 Troyes. Nous avons rapidement pu constater, ainsi que le corps enseignant, les effets b\u00e9n\u00e9fiques d\u00e8s les premi\u00e8res s\u00e9ances. J\u2019ai pos\u00e9 une multitude de questions auxquelles Najiba et Sa\u00efd m\u2019ont r\u00e9pondu avec beaucoup de professionnalisme. Face \u00e0 l\u2019efficacit\u00e9 du Neurofeedback Dynamique, ce fut une \u00e9vidence de continuer \u00e0 accompagner les personnes \u00e0 l\u2019aide de cet outil que j\u2019ai command\u00e9 avec leur soutien. Pour pouvoir exercer, je suis parti en r\u00e9gion parisienne afin de suivre la formation o\u00f9 j\u2019ai obtenu la certification finale apr\u00e8s examen.<\/p>\n<p><!-- \/wp:paragraph --><!-- wp:paragraph --><\/p>\n<p>Voil\u00e0 en quelques lignes qui je suis et c\u2019est avec grand plaisir que je vous propose de nous rencontrer pour que je vous accompagne avec \u00e9coute, bienveillance, respect et discr\u00e9tion dans le but d\u2019\u00eatre t\u00e9moin ensemble de votre propre changement. J\u2019invite donc toutes les personnes qui cherche \u00e0 se sentir mieux \u00e0 <strong><u><a href=\"https:\/\/neurofeedback-troyes.com\/index.php\/contactez-nous\/\">me contacter<\/a><\/u><\/strong>. Je r\u00e9pondrai avec plaisir aux questions s\u2019il y en a ou aux demandes de <strong><u><a href=\"https:\/\/neurofeedback-troyes.com\/index.php\/seances\/\">rendez-vous<\/a><\/u><\/strong>.<\/p>\n<p><!-- \/wp:paragraph --><!-- wp:paragraph {\"customBackgroundColor\":\"#ffffff\"} --><!-- \/wp:paragraph --><!-- wp:block {\"ref\":1000} \/--><\/p>\t\t\t\t\t\t\t\t<\/div>\n\t\t\t\t<\/div>\n\t\t\t\t\t<\/div>\n\t\t<\/div>\n\t\t\t\t\t<\/div>\n\t\t<\/section>\n\t\t\t\t<\/div>\n\t\t","protected":false},"excerpt":{"rendered":"<p>Qui suis-je ? Je suis Christophe COLSON, j\u2019ai 56 ans et je suis originaire de Troyes. La bienveillance et l\u2019\u00e9coute des personnes ont toujours \u00e9t\u00e9 pour moi une \u00e9vidence. Depuis 30 ans, apporter de l\u2019aide et du bien-\u00eatre aux personnes qui en ressentent le besoin me passionne. Au fil des ann\u00e9es je me suis int\u00e9ress\u00e9 [&hellip;]<\/p>\n","protected":false},"author":2,"featured_media":0,"parent":0,"menu_order":0,"comment_status":"closed","ping_status":"closed","template":"elementor_header_footer","meta":{"site-sidebar-layout":"default","site-content-layout":"default","ast-site-content-layout":"","site-content-style":"default","site-sidebar-style":"default","ast-global-header-display":"","ast-banner-title-visibility":"","ast-main-header-display":"","ast-hfb-above-header-display":"","ast-hfb-below-header-display":"","ast-hfb-mobile-header-display":"","site-post-title":"","ast-breadcrumbs-content":"","ast-featured-img":"","footer-sml-layout":"","theme-transparent-header-meta":"default","adv-header-id-meta":"","stick-header-meta":"","header-above-stick-meta":"","header-main-stick-meta":"","header-below-stick-meta":"","astra-migrate-meta-layouts":"default","ast-page-background-enabled":"default","ast-page-background-meta":{"desktop":{"background-color":"","background-image":"","background-repeat":"repeat","background-position":"center center","background-size":"auto","background-attachment":"scroll","background-type":"","background-media":"","overlay-type":"","overlay-color":"","overlay-opacity":"","overlay-gradient":""},"tablet":{"background-color":"","background-image":"","background-repeat":"repeat","background-position":"center center","background-size":"auto","background-attachment":"scroll","background-type":"","background-media":"","overlay-type":"","overlay-color":"","overlay-opacity":"","overlay-gradient":""},"mobile":{"background-color":"","background-image":"","background-repeat":"repeat","background-position":"center center","background-size":"auto","background-attachment":"scroll","background-type":"","background-media":"","overlay-type":"","overlay-color":"","overlay-opacity":"","overlay-gradient":""}},"ast-content-background-meta":{"desktop":{"background-color":"var(--ast-global-color-5)","background-image":"","background-repeat":"repeat","background-position":"center center","background-size":"auto","background-attachment":"scroll","background-type":"","background-media":"","overlay-type":"","overlay-color":"","overlay-opacity":"","overlay-gradient":""},"tablet":{"background-color":"var(--ast-global-color-5)","background-image":"","background-repeat":"repeat","background-position":"center center","background-size":"auto","background-attachment":"scroll","background-type":"","background-media":"","overlay-type":"","overlay-color":"","overlay-opacity":"","overlay-gradient":""},"mobile":{"background-color":"var(--ast-global-color-5)","background-image":"","background-repeat":"repeat","background-position":"center center","background-size":"auto","background-attachment":"scroll","background-type":"","background-media":"","overlay-type":"","overlay-color":"","overlay-opacity":"","overlay-gradient":""}},"footnotes":""},"class_list":["post-55","page","type-page","status-publish","hentry"],"yoast_head":"<!-- This site is optimized with the Yoast SEO plugin v27.4 - https:\/\/yoast.com\/product\/yoast-seo-wordpress\/ -->\n<title>Christophe Colson practicien certifi\u00e9 \u00ae-neurofeedback Troyes<\/title>\n<meta name=\"description\" content=\"D\u00e9couvrez qui je suis ainsi que mes motivations \u00e0 pratiquer le neurofeedback dynamique \u00ae au travers de cette page.\" \/>\n<meta name=\"robots\" content=\"index, follow, max-snippet:-1, max-image-preview:large, max-video-preview:-1\" \/>\n<link rel=\"canonical\" href=\"https:\/\/neurofeedback-troyes.com\/index.php\/qui-suis-je\/\" \/>\n<meta property=\"og:locale\" content=\"fr_FR\" \/>\n<meta property=\"og:type\" content=\"article\" \/>\n<meta property=\"og:title\" content=\"Christophe Colson practicien certifi\u00e9 \u00ae-neurofeedback Troyes\" \/>\n<meta property=\"og:description\" content=\"D\u00e9couvrez qui je suis ainsi que mes motivations \u00e0 pratiquer le neurofeedback dynamique \u00ae au travers de cette page.\" \/>\n<meta property=\"og:url\" content=\"https:\/\/neurofeedback-troyes.com\/index.php\/qui-suis-je\/\" \/>\n<meta property=\"article:modified_time\" content=\"2025-01-09T09:44:09+00:00\" \/>\n<meta property=\"og:image\" content=\"https:\/\/neurofeedback-troyes.com\/wp-content\/uploads\/2020\/05\/p2.png\" \/>\n\t<meta property=\"og:image:width\" content=\"108\" \/>\n\t<meta property=\"og:image:height\" content=\"73\" \/>\n\t<meta property=\"og:image:type\" content=\"image\/png\" \/>\n<meta name=\"twitter:card\" content=\"summary_large_image\" \/>\n<meta name=\"twitter:label1\" content=\"Dur\u00e9e de lecture estim\u00e9e\" \/>\n\t<meta name=\"twitter:data1\" content=\"2 minutes\" \/>\n<script type=\"application\/ld+json\" class=\"yoast-schema-graph\">{\"@context\":\"https:\\\/\\\/schema.org\",\"@graph\":[{\"@type\":\"WebPage\",\"@id\":\"https:\\\/\\\/neurofeedback-troyes.com\\\/index.php\\\/qui-suis-je\\\/\",\"url\":\"https:\\\/\\\/neurofeedback-troyes.com\\\/index.php\\\/qui-suis-je\\\/\",\"name\":\"Christophe Colson practicien certifi\u00e9 \u00ae-neurofeedback Troyes\",\"isPartOf\":{\"@id\":\"https:\\\/\\\/lime-rhinoceros-465958.hostingersite.com\\\/#website\"},\"datePublished\":\"2020-05-12T09:03:57+00:00\",\"dateModified\":\"2025-01-09T09:44:09+00:00\",\"description\":\"D\u00e9couvrez qui je suis ainsi que mes motivations \u00e0 pratiquer le neurofeedback dynamique \u00ae au travers de cette page.\",\"breadcrumb\":{\"@id\":\"https:\\\/\\\/neurofeedback-troyes.com\\\/index.php\\\/qui-suis-je\\\/#breadcrumb\"},\"inLanguage\":\"fr-FR\",\"potentialAction\":[{\"@type\":\"ReadAction\",\"target\":[\"https:\\\/\\\/neurofeedback-troyes.com\\\/index.php\\\/qui-suis-je\\\/\"]}]},{\"@type\":\"BreadcrumbList\",\"@id\":\"https:\\\/\\\/neurofeedback-troyes.com\\\/index.php\\\/qui-suis-je\\\/#breadcrumb\",\"itemListElement\":[{\"@type\":\"ListItem\",\"position\":1,\"name\":\"Accueil\",\"item\":\"https:\\\/\\\/neurofeedback-troyes.com\\\/\"},{\"@type\":\"ListItem\",\"position\":2,\"name\":\"Qui suis-je ?\"}]},{\"@type\":\"WebSite\",\"@id\":\"https:\\\/\\\/lime-rhinoceros-465958.hostingersite.com\\\/#website\",\"url\":\"https:\\\/\\\/lime-rhinoceros-465958.hostingersite.com\\\/\",\"name\":\"neurofeedback-troyes\",\"description\":\"NeuroFeedback Troyes - Votre vie sera meilleur\",\"publisher\":{\"@id\":\"https:\\\/\\\/lime-rhinoceros-465958.hostingersite.com\\\/#\\\/schema\\\/person\\\/529e7d2f02ceb05384cddd0fbb0ee27f\"},\"potentialAction\":[{\"@type\":\"SearchAction\",\"target\":{\"@type\":\"EntryPoint\",\"urlTemplate\":\"https:\\\/\\\/lime-rhinoceros-465958.hostingersite.com\\\/?s={search_term_string}\"},\"query-input\":{\"@type\":\"PropertyValueSpecification\",\"valueRequired\":true,\"valueName\":\"search_term_string\"}}],\"inLanguage\":\"fr-FR\"},{\"@type\":[\"Person\",\"Organization\"],\"@id\":\"https:\\\/\\\/lime-rhinoceros-465958.hostingersite.com\\\/#\\\/schema\\\/person\\\/529e7d2f02ceb05384cddd0fbb0ee27f\",\"name\":\"admin5586\",\"image\":{\"@type\":\"ImageObject\",\"inLanguage\":\"fr-FR\",\"@id\":\"https:\\\/\\\/neurofeedback-troyes.com\\\/wp-content\\\/uploads\\\/2020\\\/05\\\/cropped-logo2-1.png\",\"url\":\"https:\\\/\\\/neurofeedback-troyes.com\\\/wp-content\\\/uploads\\\/2020\\\/05\\\/cropped-logo2-1.png\",\"contentUrl\":\"https:\\\/\\\/neurofeedback-troyes.com\\\/wp-content\\\/uploads\\\/2020\\\/05\\\/cropped-logo2-1.png\",\"width\":374,\"height\":71,\"caption\":\"admin5586\"},\"logo\":{\"@id\":\"https:\\\/\\\/neurofeedback-troyes.com\\\/wp-content\\\/uploads\\\/2020\\\/05\\\/cropped-logo2-1.png\"}}]}<\/script>\n<!-- \/ Yoast SEO plugin. -->","yoast_head_json":{"title":"Christophe Colson practicien certifi\u00e9 \u00ae-neurofeedback Troyes","description":"D\u00e9couvrez qui je suis ainsi que mes motivations \u00e0 pratiquer le neurofeedback dynamique \u00ae au travers de cette page.","robots":{"index":"index","follow":"follow","max-snippet":"max-snippet:-1","max-image-preview":"max-image-preview:large","max-video-preview":"max-video-preview:-1"},"canonical":"https:\/\/neurofeedback-troyes.com\/index.php\/qui-suis-je\/","og_locale":"fr_FR","og_type":"article","og_title":"Christophe Colson practicien certifi\u00e9 \u00ae-neurofeedback Troyes","og_description":"D\u00e9couvrez qui je suis ainsi que mes motivations \u00e0 pratiquer le neurofeedback dynamique \u00ae au travers de cette page.","og_url":"https:\/\/neurofeedback-troyes.com\/index.php\/qui-suis-je\/","article_modified_time":"2025-01-09T09:44:09+00:00","og_image":[{"width":108,"height":73,"url":"https:\/\/neurofeedback-troyes.com\/wp-content\/uploads\/2020\/05\/p2.png","type":"image\/png"}],"twitter_card":"summary_large_image","twitter_misc":{"Dur\u00e9e de lecture estim\u00e9e":"2 minutes"},"schema":{"@context":"https:\/\/schema.org","@graph":[{"@type":"WebPage","@id":"https:\/\/neurofeedback-troyes.com\/index.php\/qui-suis-je\/","url":"https:\/\/neurofeedback-troyes.com\/index.php\/qui-suis-je\/","name":"Christophe Colson practicien certifi\u00e9 \u00ae-neurofeedback Troyes","isPartOf":{"@id":"https:\/\/lime-rhinoceros-465958.hostingersite.com\/#website"},"datePublished":"2020-05-12T09:03:57+00:00","dateModified":"2025-01-09T09:44:09+00:00","description":"D\u00e9couvrez qui je suis ainsi que mes motivations \u00e0 pratiquer le neurofeedback dynamique \u00ae au travers de cette page.","breadcrumb":{"@id":"https:\/\/neurofeedback-troyes.com\/index.php\/qui-suis-je\/#breadcrumb"},"inLanguage":"fr-FR","potentialAction":[{"@type":"ReadAction","target":["https:\/\/neurofeedback-troyes.com\/index.php\/qui-suis-je\/"]}]},{"@type":"BreadcrumbList","@id":"https:\/\/neurofeedback-troyes.com\/index.php\/qui-suis-je\/#breadcrumb","itemListElement":[{"@type":"ListItem","position":1,"name":"Accueil","item":"https:\/\/neurofeedback-troyes.com\/"},{"@type":"ListItem","position":2,"name":"Qui suis-je ?"}]},{"@type":"WebSite","@id":"https:\/\/lime-rhinoceros-465958.hostingersite.com\/#website","url":"https:\/\/lime-rhinoceros-465958.hostingersite.com\/","name":"neurofeedback-troyes","description":"NeuroFeedback Troyes - Votre vie sera meilleur","publisher":{"@id":"https:\/\/lime-rhinoceros-465958.hostingersite.com\/#\/schema\/person\/529e7d2f02ceb05384cddd0fbb0ee27f"},"potentialAction":[{"@type":"SearchAction","target":{"@type":"EntryPoint","urlTemplate":"https:\/\/lime-rhinoceros-465958.hostingersite.com\/?s={search_term_string}"},"query-input":{"@type":"PropertyValueSpecification","valueRequired":true,"valueName":"search_term_string"}}],"inLanguage":"fr-FR"},{"@type":["Person","Organization"],"@id":"https:\/\/lime-rhinoceros-465958.hostingersite.com\/#\/schema\/person\/529e7d2f02ceb05384cddd0fbb0ee27f","name":"admin5586","image":{"@type":"ImageObject","inLanguage":"fr-FR","@id":"https:\/\/neurofeedback-troyes.com\/wp-content\/uploads\/2020\/05\/cropped-logo2-1.png","url":"https:\/\/neurofeedback-troyes.com\/wp-content\/uploads\/2020\/05\/cropped-logo2-1.png","contentUrl":"https:\/\/neurofeedback-troyes.com\/wp-content\/uploads\/2020\/05\/cropped-logo2-1.png","width":374,"height":71,"caption":"admin5586"},"logo":{"@id":"https:\/\/neurofeedback-troyes.com\/wp-content\/uploads\/2020\/05\/cropped-logo2-1.png"}}]}},"_links":{"self":[{"href":"https:\/\/neurofeedback-troyes.com\/index.php\/wp-json\/wp\/v2\/pages\/55","targetHints":{"allow":["GET"]}}],"collection":[{"href":"https:\/\/neurofeedback-troyes.com\/index.php\/wp-json\/wp\/v2\/pages"}],"about":[{"href":"https:\/\/neurofeedback-troyes.com\/index.php\/wp-json\/wp\/v2\/types\/page"}],"author":[{"embeddable":true,"href":"https:\/\/neurofeedback-troyes.com\/index.php\/wp-json\/wp\/v2\/users\/2"}],"replies":[{"embeddable":true,"href":"https:\/\/neurofeedback-troyes.com\/index.php\/wp-json\/wp\/v2\/comments?post=55"}],"version-history":[{"count":6,"href":"https:\/\/neurofeedback-troyes.com\/index.php\/wp-json\/wp\/v2\/pages\/55\/revisions"}],"predecessor-version":[{"id":1567,"href":"https:\/\/neurofeedback-troyes.com\/index.php\/wp-json\/wp\/v2\/pages\/55\/revisions\/1567"}],"wp:attachment":[{"href":"https:\/\/neurofeedback-troyes.com\/index.php\/wp-json\/wp\/v2\/media?parent=55"}],"curies":[{"name":"wp","href":"https:\/\/api.w.org\/{rel}","templated":true}]}}