{"id":1054,"date":"2020-06-08T10:01:05","date_gmt":"2020-06-08T08:01:05","guid":{"rendered":"http:\/\/neurofeedback-troyes.com\/?page_id=1054"},"modified":"2022-05-24T15:50:18","modified_gmt":"2022-05-24T13:50:18","slug":"conditions-generales-dutilisation","status":"publish","type":"page","link":"https:\/\/neurofeedback-troyes.com\/index.php\/conditions-generales-dutilisation\/","title":{"rendered":"Conditions g\u00e9n\u00e9rales d&rsquo;utilisation"},"content":{"rendered":"\t\t<div data-elementor-type=\"wp-page\" data-elementor-id=\"1054\" class=\"elementor elementor-1054\">\n\t\t\t\t\t\t<section class=\"elementor-section elementor-top-section elementor-element elementor-element-c68b665 elementor-section-height-min-height elementor-section-stretched elementor-section-boxed elementor-section-height-default elementor-section-items-middle\" data-id=\"c68b665\" data-element_type=\"section\" data-e-type=\"section\" data-settings=\"{&quot;background_background&quot;:&quot;classic&quot;,&quot;stretch_section&quot;:&quot;section-stretched&quot;}\">\n\t\t\t\t\t\t<div class=\"elementor-container elementor-column-gap-default\">\n\t\t\t\t\t<div class=\"elementor-column elementor-col-100 elementor-top-column elementor-element elementor-element-db0ed53\" data-id=\"db0ed53\" data-element_type=\"column\" data-e-type=\"column\">\n\t\t\t<div class=\"elementor-widget-wrap elementor-element-populated\">\n\t\t\t\t\t\t<div class=\"elementor-element elementor-element-d6339f9 elementor-widget elementor-widget-heading\" data-id=\"d6339f9\" data-element_type=\"widget\" data-e-type=\"widget\" data-widget_type=\"heading.default\">\n\t\t\t\t<div class=\"elementor-widget-container\">\n\t\t\t\t\t<h1 class=\"elementor-heading-title elementor-size-default\">Conditions g\u00e9n\u00e9rales d'utilisation<\/h1>\t\t\t\t<\/div>\n\t\t\t\t<\/div>\n\t\t\t\t\t<\/div>\n\t\t<\/div>\n\t\t\t\t\t<\/div>\n\t\t<\/section>\n\t\t\t\t<section class=\"elementor-section elementor-top-section elementor-element elementor-element-446dee8e elementor-section-boxed elementor-section-height-default elementor-section-height-default\" data-id=\"446dee8e\" data-element_type=\"section\" data-e-type=\"section\">\n\t\t\t\t\t\t<div class=\"elementor-container elementor-column-gap-default\">\n\t\t\t\t\t<div class=\"elementor-column elementor-col-100 elementor-top-column elementor-element elementor-element-6b1a2012\" data-id=\"6b1a2012\" data-element_type=\"column\" data-e-type=\"column\">\n\t\t\t<div class=\"elementor-widget-wrap elementor-element-populated\">\n\t\t\t\t\t\t<div class=\"elementor-element elementor-element-3e97595c elementor-widget elementor-widget-text-editor\" data-id=\"3e97595c\" data-element_type=\"widget\" data-e-type=\"widget\" data-widget_type=\"text-editor.default\">\n\t\t\t\t<div class=\"elementor-widget-container\">\n\t\t\t\t\t\t\t\t\t\n<p>Les pr\u00e9sentes conditions g\u00e9n\u00e9rales d&rsquo;utilisation (dites \u00ab CGU \u00bb) ont pour objet l&rsquo;encadrement juridique des modalit\u00e9s de<br>mise \u00e0 disposition du site et des services par et de d\u00e9finir les conditions d\u2019acc\u00e8s et d\u2019utilisation des services par<br>\u00ab l&rsquo;Utilisateur \u00bb.<br>Les pr\u00e9sentes CGU sont accessibles sur le site \u00e0 la rubrique \u00abCGU\u00bb.<\/p>\n\n\n\n<p style=\"background-color:#ffffff\" class=\"has-background\"><\/p>\n\n\n\n<h2 class=\"wp-block-heading\">Article 1 : Les mentions l\u00e9gales<\/h2>\n\n\n\n<p>L\u2019\u00e9dition et la direction de la publication du site https:\/\/neurofeedback-troyes.com\/ est assur\u00e9e par COLSON Christophe,<br>domicili\u00e9 6 rue de la Sigl\u00e8re 10800 Les Bordes Aumont .<br>Num\u00e9ro de t\u00e9l\u00e9phone est 0603632647<br>Adresse e-mail contact@neurofeedback-troyes.com.<br>La personne est assujetie au RCS avec le num\u00e9ro d&rsquo;inscription 424290203 et son num\u00e9ro de TVA intracommunautaire<br>est le FR54424290203<br>L&rsquo;h\u00e9bergeur du site https:\/\/neurofeedback-troyes.com\/ est la soci\u00e9t\u00e9 OVH , dont le si\u00e8ge social est situ\u00e9 au 2 rue<br>kellermann BP 80157 59053 ROUBAIX CEDEX 1 &#8211; France, avec le num\u00e9ro de t\u00e9l\u00e9phone : 1007.<\/p>\n\n\n\n<p style=\"background-color:#ffffff\" class=\"has-background\"><\/p>\n\n\n\n<h2 class=\"wp-block-heading\">ARTICLE 2 : Acc\u00e8s au site<\/h2>\n\n\n\n<p>Le site https:\/\/neurofeedback-troyes.com\/ permet \u00e0 l&rsquo;Utilisateur un acc\u00e8s gratuit aux services suivants :<br>Le site internet propose les services suivants :<br>sant\u00e9 et bien \u00eatre<br>Le site est accessible gratuitement en tout lieu \u00e0 tout Utilisateur ayant un acc\u00e8s \u00e0 Internet. Tous les frais support\u00e9s par<br>l&rsquo;Utilisateur pour acc\u00e9der au service (mat\u00e9riel informatique, logiciels, connexion Internet, etc.) sont \u00e0 sa charge.<\/p>\n\n\n\n<p style=\"background-color:#ffffff\" class=\"has-background\"><\/p>\n\n\n\n<h2 class=\"wp-block-heading\">ARTICLE 3 : Collecte des donn\u00e9es<\/h2>\n\n\n\n<p>Le site assure \u00e0 l&rsquo;Utilisateur une collecte et un traitement d&rsquo;informations personnelles dans le respect de la vie priv\u00e9e<br>conform\u00e9ment \u00e0 la loi n\u00b078-17 du 6 janvier 1978 relative \u00e0 l&rsquo;informatique, aux fichiers et aux libert\u00e9s. Le site est d\u00e9clar\u00e9<br>\u00e0 la CNIL sous le num\u00e9ro contact@aimiam.fr.<br>En vertu de la loi Informatique et Libert\u00e9s, en date du 6 janvier 1978, l&rsquo;Utilisateur dispose d&rsquo;un droit d&rsquo;acc\u00e8s, de<br>rectification, de suppression et d&rsquo;opposition de ses donn\u00e9es personnelles. L&rsquo;Utilisateur exerce ce droit :<br>\u00b7 par mail \u00e0 l&rsquo;adresse mail contact@aimiam.fr<br>\u00b7 par voie postale au 6 RUE DE LA SIGL\u00c8RE 10800 LES BORDES AUMONT ;<br>\u00b7 via un formulaire de contact ;<br>\u00b7 via son espace personnel ;<\/p>\n\n\n\n<p style=\"background-color:#ffffff\" class=\"has-background\"><\/p>\n\n\n\n<h2 class=\"wp-block-heading\">ARTICLE 4 : Propri\u00e9t\u00e9 intellectuelle<\/h2>\n\n\n\n<p>Les marques, logos, signes ainsi que tous les contenus du site (textes, images, son\u2026) font l&rsquo;objet d&rsquo;une protection par<br>le Code de la propri\u00e9t\u00e9 intellectuelle et plus particuli\u00e8rement par le droit d&rsquo;auteur.<br>L&rsquo;Utilisateur doit solliciter l&rsquo;autorisation pr\u00e9alable du site pour toute reproduction, publication, copie des diff\u00e9rents<br>contenus. Il s&rsquo;engage \u00e0 une utilisation des contenus du site dans un cadre strictement priv\u00e9, toute utilisation \u00e0 des fins<br>commerciales et publicitaires est strictement interdite.<br>Toute repr\u00e9sentation totale ou partielle de ce site par quelque proc\u00e9d\u00e9 que ce soit, sans l\u2019autorisation expresse de<br>l\u2019exploitant du site Internet constituerait une contrefa\u00e7on sanctionn\u00e9e par l\u2019article L 335-2 et suivants du Code de la<br>propri\u00e9t\u00e9 intellectuelle.<br>Il est rappel\u00e9 conform\u00e9ment \u00e0 l\u2019article L122-5 du Code de propri\u00e9t\u00e9 intellectuelle que l\u2019Utilisateur qui reproduit, copie ou<br>publie le contenu prot\u00e9g\u00e9 doit citer l\u2019auteur et sa source.<\/p>\n\n\n\n<p style=\"background-color:#ffffff\" class=\"has-background\"><\/p>\n\n\n\n<h2 class=\"wp-block-heading\">ARTICLE 5 : Responsabilit\u00e9<\/h2>\n\n\n\n<p>Les sources des informations diffus\u00e9es sur le site https:\/\/neurofeedback-troyes.com\/ sont r\u00e9put\u00e9es fiables mais le site<br>ne garantit pas qu\u2019il soit exempt de d\u00e9fauts, d\u2019erreurs ou d\u2019omissions.<br>Les informations communiqu\u00e9es sont pr\u00e9sent\u00e9es \u00e0 titre indicatif et g\u00e9n\u00e9ral sans valeur contractuelle. Malgr\u00e9 des mise<br>\u00e0 jour r\u00e9guli\u00e8res, le site https:\/\/neurofeedback-troyes.com\/ ne peut \u00eatre tenu responsable de la modification des<br>dispositions administratives et juridiques survenant apr\u00e8s la publication. De m\u00eame, le site ne peut \u00eatre tenue<br>responsable de l\u2019utilisation et de l\u2019interpr\u00e9tation de l\u2019information contenue dans ce site.<br>Le site https:\/\/neurofeedback-troyes.com\/ ne peut \u00eatre tenu pour responsable d\u2019\u00e9ventuels virus qui pourraient infecter<br>l\u2019ordinateur ou tout mat\u00e9riel informatique de l\u2019Internaute, suite \u00e0 une utilisation, \u00e0 l\u2019acc\u00e8s, ou au t\u00e9l\u00e9chargement<br>provenant de ce site.<br>La responsabilit\u00e9 du site ne peut \u00eatre engag\u00e9e en cas de force majeure ou du fait impr\u00e9visible et insurmontable d&rsquo;un<br>tiers.<\/p>\n\n\n\n<p style=\"background-color:#ffffff\" class=\"has-background\"><\/p>\n\n\n\n<h2 class=\"wp-block-heading\">ARTICLE 6 : Liens hypertextes<\/h2>\n\n\n\n<p>Des liens hypertextes peuvent \u00eatre pr\u00e9sents sur le site. L\u2019Utilisateur est inform\u00e9 qu\u2019en cliquant sur ces liens, il sortira du<br>site https:\/\/neurofeedback-troyes.com\/. Ce dernier n\u2019a pas de contr\u00f4le sur les pages web sur lesquelles aboutissent ces<br>liens et ne saurait, en aucun cas, \u00eatre responsable de leur contenu<br><\/p>\n\n\n\n<p style=\"background-color:#ffffff\" class=\"has-background\"><\/p>\n\n\n\n<h2 class=\"wp-block-heading\">ARTICLE 7 : Cookies<\/h2>\n\n\n\n<p>L\u2019Utilisateur est inform\u00e9 que lors de ses visites sur le site, un cookie peut s\u2019installer automatiquement sur son logiciel de<br>navigation.<br>Les cookies sont de petits fichiers stock\u00e9s temporairement sur le disque dur de l\u2019ordinateur de l\u2019Utilisateur par votre<br>navigateur et qui sont n\u00e9cessaires \u00e0 l\u2019utilisation du site https:\/\/neurofeedback-troyes.com\/. Les cookies ne contiennent<br>pas d\u2019information personnelle et ne peuvent pas \u00eatre utilis\u00e9s pour identifier quelqu\u2019un. Un cookie contient un identifiant<br>unique, g\u00e9n\u00e9r\u00e9 al\u00e9atoirement et donc anonyme. Certains cookies expirent \u00e0 la fin de la visite de l\u2019Utilisateur, d\u2019autres<br>restent.<br>L\u2019information contenue dans les cookies est utilis\u00e9e pour am\u00e9liorer le site https:\/\/neurofeedback-troyes.com\/.<br>En naviguant sur le site, L\u2019Utilisateur les accepte.<br>L\u2019Utilisateur pourra d\u00e9sactiver ces cookies par l\u2019interm\u00e9diaire des param\u00e8tres figurant au sein de son logiciel de<br>navigation.<\/p>\n\n\n\n<p style=\"background-color:#ffffff\" class=\"has-background\"><\/p>\n\n\n\n<h2 class=\"wp-block-heading\">ARTICLE 8 : Droit applicable et juridiction comp\u00e9tente<\/h2>\n\n\n\n<p>La l\u00e9gislation fran\u00e7aise s&rsquo;applique au pr\u00e9sent contrat. En cas d&rsquo;absence de r\u00e9solution amiable d&rsquo;un litige n\u00e9 entre les<br>parties, les tribunaux fran\u00e7ais seront seuls comp\u00e9tents pour en conna\u00eetre.<br>Pour toute question relative \u00e0 l\u2019application des pr\u00e9sentes CGU, vous pouvez joindre l\u2019\u00e9diteur aux coordonn\u00e9es inscrites<br>\u00e0 l\u2019ARTICLE 1.<\/p>\n\n\n\n<p style=\"background-color:#ffffff\" class=\"has-background\"><\/p>\n\t\t\t\t\t\t\t\t<\/div>\n\t\t\t\t<\/div>\n\t\t\t\t\t<\/div>\n\t\t<\/div>\n\t\t\t\t\t<\/div>\n\t\t<\/section>\n\t\t\t\t<\/div>\n\t\t","protected":false},"excerpt":{"rendered":"<p>Conditions g\u00e9n\u00e9rales d&rsquo;utilisation Les pr\u00e9sentes conditions g\u00e9n\u00e9rales d&rsquo;utilisation (dites \u00ab CGU \u00bb) ont pour objet l&rsquo;encadrement juridique des modalit\u00e9s demise \u00e0 disposition du site et des services par et de d\u00e9finir les conditions d\u2019acc\u00e8s et d\u2019utilisation des services par\u00ab l&rsquo;Utilisateur \u00bb.Les pr\u00e9sentes CGU sont accessibles sur le site \u00e0 la rubrique \u00abCGU\u00bb. Article 1 : [&hellip;]<\/p>\n","protected":false},"author":1,"featured_media":0,"parent":0,"menu_order":0,"comment_status":"closed","ping_status":"closed","template":"elementor_header_footer","meta":{"site-sidebar-layout":"default","site-content-layout":"default","ast-site-content-layout":"","site-content-style":"default","site-sidebar-style":"default","ast-global-header-display":"","ast-banner-title-visibility":"","ast-main-header-display":"","ast-hfb-above-header-display":"","ast-hfb-below-header-display":"","ast-hfb-mobile-header-display":"","site-post-title":"","ast-breadcrumbs-content":"","ast-featured-img":"","footer-sml-layout":"","theme-transparent-header-meta":"default","adv-header-id-meta":"","stick-header-meta":"","header-above-stick-meta":"","header-main-stick-meta":"","header-below-stick-meta":"","astra-migrate-meta-layouts":"default","ast-page-background-enabled":"default","ast-page-background-meta":{"desktop":{"background-color":"","background-image":"","background-repeat":"repeat","background-position":"center center","background-size":"auto","background-attachment":"scroll","background-type":"","background-media":"","overlay-type":"","overlay-color":"","overlay-opacity":"","overlay-gradient":""},"tablet":{"background-color":"","background-image":"","background-repeat":"repeat","background-position":"center center","background-size":"auto","background-attachment":"scroll","background-type":"","background-media":"","overlay-type":"","overlay-color":"","overlay-opacity":"","overlay-gradient":""},"mobile":{"background-color":"","background-image":"","background-repeat":"repeat","background-position":"center center","background-size":"auto","background-attachment":"scroll","background-type":"","background-media":"","overlay-type":"","overlay-color":"","overlay-opacity":"","overlay-gradient":""}},"ast-content-background-meta":{"desktop":{"background-color":"var(--ast-global-color-5)","background-image":"","background-repeat":"repeat","background-position":"center center","background-size":"auto","background-attachment":"scroll","background-type":"","background-media":"","overlay-type":"","overlay-color":"","overlay-opacity":"","overlay-gradient":""},"tablet":{"background-color":"var(--ast-global-color-5)","background-image":"","background-repeat":"repeat","background-position":"center center","background-size":"auto","background-attachment":"scroll","background-type":"","background-media":"","overlay-type":"","overlay-color":"","overlay-opacity":"","overlay-gradient":""},"mobile":{"background-color":"var(--ast-global-color-5)","background-image":"","background-repeat":"repeat","background-position":"center center","background-size":"auto","background-attachment":"scroll","background-type":"","background-media":"","overlay-type":"","overlay-color":"","overlay-opacity":"","overlay-gradient":""}},"footnotes":""},"class_list":["post-1054","page","type-page","status-publish","hentry"],"yoast_head":"<!-- This site is optimized with the Yoast SEO plugin v27.5 - https:\/\/yoast.com\/product\/yoast-seo-wordpress\/ -->\n<title>Conditions g\u00e9n\u00e9rales d&#039;utilisation - Neurofeedback Troyes<\/title>\n<meta name=\"robots\" content=\"index, follow, max-snippet:-1, max-image-preview:large, max-video-preview:-1\" \/>\n<link rel=\"canonical\" href=\"https:\/\/neurofeedback-troyes.com\/index.php\/conditions-generales-dutilisation\/\" \/>\n<meta property=\"og:locale\" content=\"fr_FR\" \/>\n<meta property=\"og:type\" content=\"article\" \/>\n<meta property=\"og:title\" content=\"Conditions g\u00e9n\u00e9rales d&#039;utilisation - Neurofeedback Troyes\" \/>\n<meta property=\"og:description\" content=\"Conditions g\u00e9n\u00e9rales d&rsquo;utilisation Les pr\u00e9sentes conditions g\u00e9n\u00e9rales d&rsquo;utilisation (dites \u00ab CGU \u00bb) ont pour objet l&rsquo;encadrement juridique des modalit\u00e9s demise \u00e0 disposition du site et des services par et de d\u00e9finir les conditions d\u2019acc\u00e8s et d\u2019utilisation des services par\u00ab l&rsquo;Utilisateur \u00bb.Les pr\u00e9sentes CGU sont accessibles sur le site \u00e0 la rubrique \u00abCGU\u00bb. Article 1 : [&hellip;]\" \/>\n<meta property=\"og:url\" content=\"https:\/\/neurofeedback-troyes.com\/index.php\/conditions-generales-dutilisation\/\" \/>\n<meta property=\"article:modified_time\" content=\"2022-05-24T13:50:18+00:00\" \/>\n<meta property=\"og:image\" content=\"https:\/\/neurofeedback-troyes.com\/wp-content\/uploads\/2020\/05\/p2.png\" \/>\n\t<meta property=\"og:image:width\" content=\"108\" \/>\n\t<meta property=\"og:image:height\" content=\"73\" \/>\n\t<meta property=\"og:image:type\" content=\"image\/png\" \/>\n<meta name=\"twitter:card\" content=\"summary_large_image\" \/>\n<meta name=\"twitter:label1\" content=\"Dur\u00e9e de lecture estim\u00e9e\" \/>\n\t<meta name=\"twitter:data1\" content=\"5 minutes\" \/>\n<script type=\"application\/ld+json\" class=\"yoast-schema-graph\">{\"@context\":\"https:\\\/\\\/schema.org\",\"@graph\":[{\"@type\":\"WebPage\",\"@id\":\"https:\\\/\\\/neurofeedback-troyes.com\\\/index.php\\\/conditions-generales-dutilisation\\\/\",\"url\":\"https:\\\/\\\/neurofeedback-troyes.com\\\/index.php\\\/conditions-generales-dutilisation\\\/\",\"name\":\"Conditions g\u00e9n\u00e9rales d'utilisation - Neurofeedback Troyes\",\"isPartOf\":{\"@id\":\"https:\\\/\\\/neurofeedback-troyes.com\\\/#website\"},\"datePublished\":\"2020-06-08T08:01:05+00:00\",\"dateModified\":\"2022-05-24T13:50:18+00:00\",\"breadcrumb\":{\"@id\":\"https:\\\/\\\/neurofeedback-troyes.com\\\/index.php\\\/conditions-generales-dutilisation\\\/#breadcrumb\"},\"inLanguage\":\"fr-FR\",\"potentialAction\":[{\"@type\":\"ReadAction\",\"target\":[\"https:\\\/\\\/neurofeedback-troyes.com\\\/index.php\\\/conditions-generales-dutilisation\\\/\"]}]},{\"@type\":\"BreadcrumbList\",\"@id\":\"https:\\\/\\\/neurofeedback-troyes.com\\\/index.php\\\/conditions-generales-dutilisation\\\/#breadcrumb\",\"itemListElement\":[{\"@type\":\"ListItem\",\"position\":1,\"name\":\"Accueil\",\"item\":\"https:\\\/\\\/neurofeedback-troyes.com\\\/\"},{\"@type\":\"ListItem\",\"position\":2,\"name\":\"Conditions g\u00e9n\u00e9rales d&rsquo;utilisation\"}]},{\"@type\":\"WebSite\",\"@id\":\"https:\\\/\\\/neurofeedback-troyes.com\\\/#website\",\"url\":\"https:\\\/\\\/neurofeedback-troyes.com\\\/\",\"name\":\"neurofeedback-troyes\",\"description\":\"NeuroFeedback Troyes - Votre vie sera meilleur\",\"publisher\":{\"@id\":\"https:\\\/\\\/neurofeedback-troyes.com\\\/#\\\/schema\\\/person\\\/529e7d2f02ceb05384cddd0fbb0ee27f\"},\"potentialAction\":[{\"@type\":\"SearchAction\",\"target\":{\"@type\":\"EntryPoint\",\"urlTemplate\":\"https:\\\/\\\/neurofeedback-troyes.com\\\/?s={search_term_string}\"},\"query-input\":{\"@type\":\"PropertyValueSpecification\",\"valueRequired\":true,\"valueName\":\"search_term_string\"}}],\"inLanguage\":\"fr-FR\"},{\"@type\":[\"Person\",\"Organization\"],\"@id\":\"https:\\\/\\\/neurofeedback-troyes.com\\\/#\\\/schema\\\/person\\\/529e7d2f02ceb05384cddd0fbb0ee27f\",\"name\":\"admin5586\",\"image\":{\"@type\":\"ImageObject\",\"inLanguage\":\"fr-FR\",\"@id\":\"https:\\\/\\\/neurofeedback-troyes.com\\\/wp-content\\\/uploads\\\/2020\\\/05\\\/cropped-logo2-1.png\",\"url\":\"https:\\\/\\\/neurofeedback-troyes.com\\\/wp-content\\\/uploads\\\/2020\\\/05\\\/cropped-logo2-1.png\",\"contentUrl\":\"https:\\\/\\\/neurofeedback-troyes.com\\\/wp-content\\\/uploads\\\/2020\\\/05\\\/cropped-logo2-1.png\",\"width\":374,\"height\":71,\"caption\":\"admin5586\"},\"logo\":{\"@id\":\"https:\\\/\\\/neurofeedback-troyes.com\\\/wp-content\\\/uploads\\\/2020\\\/05\\\/cropped-logo2-1.png\"}}]}<\/script>\n<!-- \/ Yoast SEO plugin. -->","yoast_head_json":{"title":"Conditions g\u00e9n\u00e9rales d'utilisation - Neurofeedback Troyes","robots":{"index":"index","follow":"follow","max-snippet":"max-snippet:-1","max-image-preview":"max-image-preview:large","max-video-preview":"max-video-preview:-1"},"canonical":"https:\/\/neurofeedback-troyes.com\/index.php\/conditions-generales-dutilisation\/","og_locale":"fr_FR","og_type":"article","og_title":"Conditions g\u00e9n\u00e9rales d'utilisation - Neurofeedback Troyes","og_description":"Conditions g\u00e9n\u00e9rales d&rsquo;utilisation Les pr\u00e9sentes conditions g\u00e9n\u00e9rales d&rsquo;utilisation (dites \u00ab CGU \u00bb) ont pour objet l&rsquo;encadrement juridique des modalit\u00e9s demise \u00e0 disposition du site et des services par et de d\u00e9finir les conditions d\u2019acc\u00e8s et d\u2019utilisation des services par\u00ab l&rsquo;Utilisateur \u00bb.Les pr\u00e9sentes CGU sont accessibles sur le site \u00e0 la rubrique \u00abCGU\u00bb. Article 1 : [&hellip;]","og_url":"https:\/\/neurofeedback-troyes.com\/index.php\/conditions-generales-dutilisation\/","article_modified_time":"2022-05-24T13:50:18+00:00","og_image":[{"width":108,"height":73,"url":"https:\/\/neurofeedback-troyes.com\/wp-content\/uploads\/2020\/05\/p2.png","type":"image\/png"}],"twitter_card":"summary_large_image","twitter_misc":{"Dur\u00e9e de lecture estim\u00e9e":"5 minutes"},"schema":{"@context":"https:\/\/schema.org","@graph":[{"@type":"WebPage","@id":"https:\/\/neurofeedback-troyes.com\/index.php\/conditions-generales-dutilisation\/","url":"https:\/\/neurofeedback-troyes.com\/index.php\/conditions-generales-dutilisation\/","name":"Conditions g\u00e9n\u00e9rales d'utilisation - Neurofeedback Troyes","isPartOf":{"@id":"https:\/\/neurofeedback-troyes.com\/#website"},"datePublished":"2020-06-08T08:01:05+00:00","dateModified":"2022-05-24T13:50:18+00:00","breadcrumb":{"@id":"https:\/\/neurofeedback-troyes.com\/index.php\/conditions-generales-dutilisation\/#breadcrumb"},"inLanguage":"fr-FR","potentialAction":[{"@type":"ReadAction","target":["https:\/\/neurofeedback-troyes.com\/index.php\/conditions-generales-dutilisation\/"]}]},{"@type":"BreadcrumbList","@id":"https:\/\/neurofeedback-troyes.com\/index.php\/conditions-generales-dutilisation\/#breadcrumb","itemListElement":[{"@type":"ListItem","position":1,"name":"Accueil","item":"https:\/\/neurofeedback-troyes.com\/"},{"@type":"ListItem","position":2,"name":"Conditions g\u00e9n\u00e9rales d&rsquo;utilisation"}]},{"@type":"WebSite","@id":"https:\/\/neurofeedback-troyes.com\/#website","url":"https:\/\/neurofeedback-troyes.com\/","name":"neurofeedback-troyes","description":"NeuroFeedback Troyes - Votre vie sera meilleur","publisher":{"@id":"https:\/\/neurofeedback-troyes.com\/#\/schema\/person\/529e7d2f02ceb05384cddd0fbb0ee27f"},"potentialAction":[{"@type":"SearchAction","target":{"@type":"EntryPoint","urlTemplate":"https:\/\/neurofeedback-troyes.com\/?s={search_term_string}"},"query-input":{"@type":"PropertyValueSpecification","valueRequired":true,"valueName":"search_term_string"}}],"inLanguage":"fr-FR"},{"@type":["Person","Organization"],"@id":"https:\/\/neurofeedback-troyes.com\/#\/schema\/person\/529e7d2f02ceb05384cddd0fbb0ee27f","name":"admin5586","image":{"@type":"ImageObject","inLanguage":"fr-FR","@id":"https:\/\/neurofeedback-troyes.com\/wp-content\/uploads\/2020\/05\/cropped-logo2-1.png","url":"https:\/\/neurofeedback-troyes.com\/wp-content\/uploads\/2020\/05\/cropped-logo2-1.png","contentUrl":"https:\/\/neurofeedback-troyes.com\/wp-content\/uploads\/2020\/05\/cropped-logo2-1.png","width":374,"height":71,"caption":"admin5586"},"logo":{"@id":"https:\/\/neurofeedback-troyes.com\/wp-content\/uploads\/2020\/05\/cropped-logo2-1.png"}}]}},"_links":{"self":[{"href":"https:\/\/neurofeedback-troyes.com\/index.php\/wp-json\/wp\/v2\/pages\/1054","targetHints":{"allow":["GET"]}}],"collection":[{"href":"https:\/\/neurofeedback-troyes.com\/index.php\/wp-json\/wp\/v2\/pages"}],"about":[{"href":"https:\/\/neurofeedback-troyes.com\/index.php\/wp-json\/wp\/v2\/types\/page"}],"author":[{"embeddable":true,"href":"https:\/\/neurofeedback-troyes.com\/index.php\/wp-json\/wp\/v2\/users\/1"}],"replies":[{"embeddable":true,"href":"https:\/\/neurofeedback-troyes.com\/index.php\/wp-json\/wp\/v2\/comments?post=1054"}],"version-history":[{"count":0,"href":"https:\/\/neurofeedback-troyes.com\/index.php\/wp-json\/wp\/v2\/pages\/1054\/revisions"}],"wp:attachment":[{"href":"https:\/\/neurofeedback-troyes.com\/index.php\/wp-json\/wp\/v2\/media?parent=1054"}],"curies":[{"name":"wp","href":"https:\/\/api.w.org\/{rel}","templated":true}]}}